f 3255656 and 580?
116
What is the highest common factor of 190 and 108623?
19
What is the greatest common factor of 5102576 and 16?
16
What is the highest common divisor of 29532 and 149372?
428
Calculate the highest common factor of 73745 and 34830.
215
Calculate the greatest common divisor of 5094 and 6066.
18
What is the greatest common divisor of 180 and 33345?
45
Calculate the highest common factor of 4876 and 2852.
92
Calculate the greatest common divisor of 54 and 543321.
27
What is the highest common factor of 432 and 4208?
16
What is the greatest common factor of 10387 and 167414?
611
What is the highest common divisor of 60 and 41748?
12
Calculate the highest common divisor of 6405 and 3885.
105
Calculate the greatest common factor of 9593 and 159.
53
Calculate the greatest common divisor of 3 and 21117.
3
What is the greatest common factor of 669 and 87?
3
Calculate the highest common divisor of 4896 and 17289.
153
Calculate the highest common divisor of 1076 and 103834.
538
What is the greatest common factor of 1292284 and 21?
7
Calculate the greatest common divisor of 2277 and 251091.
207
Calculate the greatest common divisor of 29180 and 160.
20
Calculate the highest common divisor of 740 and 10249.
37
What is the highest common divisor of 12240 and 7620?
60
What is the greatest common factor of 6612 and 171?
57
Calculate the greatest common factor of 1584 and 2115696.
528
What is the greatest common factor of 6192 and 584?
8
What is the highest common factor of 34 and 249407?
17
Calculate the highest common divisor of 32 and 443824.
16
What is the greatest common factor of 12 and 32790?
6
Calculate the highest common factor of 15504 and 1258.
34
What is the greatest common divisor of 22826 and 678?
226
Calculate the greatest common divisor of 2048 and 560.
16
Calculate the highest common factor of 28 and 5595618.
14
Calculate the highest common factor of 3740 and 2255.
55
Calculate the highest common factor of 878 and 70679.
439
Calculate the greatest common divisor of 190 and 100985.
95
What is the greatest common factor of 2 and 58934?
2
What is the highest common factor of 22638 and 26?
2
What is the greatest common factor of 16049 and 341?
11
What is the greatest common factor of 1586 and 5978?
122
What is the highest common factor of 96985 and 2261?
119
What is the greatest common factor of 16 and 2083856?
16
Calculate the highest common factor of 50440 and 10.
10
What is the highest common divisor of 162 and 381?
3
What is the highest common divisor of 1031422 and 14?
14
Calculate the highest common divisor of 190 and 33590.
10
What is the greatest common factor of 16 and 763?
1
Calculate the greatest common divisor of 91105 and 137.
137
Calculate the highest common divisor of 102 and 463794.
102
Calculate the highest common factor of 182 and 1178086.
182
Calculate the greatest common factor of 4472 and 221832.
104
What is the highest common divisor of 26359 and 387?
43
What is the highest common factor of 12510 and 990?
90
Calculate the highest common divisor of 300510 and 3240.
810
What is the greatest common divisor of 2499 and 4947?
51
Calculate the greatest common factor of 22 and 24002.
22
What is the greatest common factor of 101 and 5271594?
101
What is the greatest common divisor of 82 and 26527?
41
Calculate the greatest common divisor of 122087 and 19474.
749
What is the highest common factor of 1165832 and 488?
488
Calculate the highest common divisor of 1080 and 55296.
216
Calculate the highest common divisor of 6 and 14194.
2
Calculate the highest common factor of 353462 and 248.
62
Calculate the highest common factor of 12 and 7173432.
12
What is the highest common factor of 1614 and 162?
6
Calculate the greatest common divisor of 8589 and 2454.
1227
Calculate the greatest common factor of 6245451 and 454.
227
Calculate the greatest common divisor of 92974 and 56.
14
What is the greatest common divisor of 869708 and 1869?
623
What is the greatest common factor of 30874 and 1795?
359
Calculate the highest common factor of 243742 and 658.
94
Calculate the highest common divisor of 88 and 91212.
44
Calculate the highest common divisor of 4108 and 1924.
52
What is the greatest common factor of 10 and 9190?
10
Calculate the highest common factor of 6954 and 669048.
366
Calculate the greatest common factor of 161 and 5359.
23
Calculate the greatest common factor of 612 and 69343.
17
Calculate the highest common divisor of 14 and 1893794.
14
What is the highest common factor of 270 and 252090?
90
What is the greatest common divisor of 9 and 2672046?
9
Calculate the greatest common divisor of 1247 and 52546.
43
Calculate the highest common factor of 45291 and 217.
31
Calculate the greatest common divisor of 7479645 and 5.
5
Calculate the greatest common divisor of 7038 and 161.
23
Calculate the highest common factor of 366 and 3210.
6
Calculate the greatest common divisor of 3417 and 9447.
201
Calculate the greatest common factor of 72264 and 216.
24
What is the greatest common factor of 991176 and 4?
4
Calculate the highest common factor of 234052 and 9828.
364
What is the greatest common factor of 17 and 2231233?
17
Calculate the highest common factor of 278153 and 3188.
797
What is the greatest common factor of 1675 and 653049?
67
Calculate the highest common factor of 10098 and 1326.
102
What is the greatest common divisor of 61995 and 195?
15
Calculate the greatest common divisor of 1160823 and 239.
239
Calculate the highest common factor of 18 and 503106.
6
Calculate the greatest common divisor of 11 and 371503.
11
What is the greatest common divisor of 92 and 234669?
23
Calculate the highest common factor of 2512 and 632.
8
What is the highest common divisor of 883761 and 4602?
177
What is the highest common factor of 191496 and 1264?
632
What is the greatest common divisor of 1288 and 17409896?
1288
Calculate the greatest common divisor of 377 and 84799.
13
What is the highest common factor of 73110 and 120?
30
What is the greatest common divisor of 432 and 464?
16
What is the highest common factor of 53 and 65243?
53
What is the highest common factor of 1275 and 100?
25
Calculate the highest common factor of 7552 and 1160176.
944
Calculate the greatest common divisor of 769 and 2380055.
769
What is the highest common divisor of 224 and 269312?
32
Calculate the greatest common divisor of 54 and 4938.
6
What is the greatest common divisor of 41 and 68183?
41
Calculate the highest common factor of 6533 and 2363.
139
Calculate the highest common factor of 310 and 38315.
5
Calculate the greatest common factor of 4 and 4806.
2
Calculate the highest common divisor of 196070 and 70.
70
Calculate the greatest common divisor of 120 and 117912.
24
What is the greatest common divisor of 265 and 27700?
5
What is the highest common divisor of 495 and 2745?
45
Calculate the greatest common divisor of 177 and 106377.
177
Calculate the greatest common divisor of 60 and 1165060.
20
What is the greatest common factor of 481 and 9516?
13
What is the greatest common divisor of 396851 and 11837?
623
What is the highest common divisor of 2236 and 10816?
52
Calculate the greatest common factor of 25783 and 230.
23
Calculate the highest common factor of 1437 and 1274619.
1437
Calculate the highest common divisor of 989 and 3827.
43
What is the highest common divisor of 424146 and 6913?
223
Calculate the highest common divisor of 1620 and 18180.
180
What is the highest common divisor of 343 and 87066?
7
Calculate the greatest common divisor of 338 and 338.
338
What is the greatest common divisor of 468 and 449228?
52
What is the greatest common divisor of 2014 and 76850?
106
What is the greatest common factor of 1664 and 10738?
26
What is the highest common factor of 63 and 3704337?
63
Calculate the highest common factor of 194144 and 4.
4
Calculate the highest common factor of 881571 and 348.
87
Calculate the greatest common factor of 5826151 and 6249.
2083
Calculate the highest common factor of 2620 and 860.
20
Calculate the highest common divisor of 5031503 and 23.
23
Calculate the greatest common divisor of 785 and 3448505.
785
What is the highest common factor of 1430 and 59085?
65
Calculate the highest common factor of 2